7
Calculate the remainder when 326 is divided by 30.
26
What is the remainder when 134 is divided by 130?
4
Calculate the remainder when 280 is divided by 13.
7
Calculate the remainder when 3303 is divided by 658.
13
Calculate the remainder when 9 is divided by 8.
1
Calculate the remainder when 250 is divided by 119.
12
Calculate the remainder when 164 is divided by 135.
29
Calculate the remainder when 298 is divided by 96.
10
What is the remainder when 2277 is divided by 12?
9
Calculate the remainder when 3254 is divided by 44.
42
Calculate the remainder when 3464 is divided by 77.
76
Calculate the remainder when 375 is divided by 14.
11
Calculate the remainder when 716 is divided by 28.
16
Calculate the remainder when 311 is divided by 16.
7
Calculate the remainder when 1306 is divided by 68.
14
What is the remainder when 1365 is divided by 20?
5
What is the remainder when 439 is divided by 47?
16
What is the remainder when 2624 is divided by 37?
34
Calculate the remainder when 309 is divided by 83.
60
Calculate the remainder when 1423 is divided by 178.
177
What is the remainder when 104 is divided by 29?
17
Calculate the remainder when 233 is divided by 72.
17
Calculate the remainder when 70 is divided by 26.
18
What is the remainder when 284 is divided by 22?
20
What is the remainder when 522 is divided by 21?
18
What is the remainder when 165 is divided by 45?
30
Calculate the remainder when 1727 is divided by 561.
44
What is the remainder when 185 is divided by 26?
3
Calculate the remainder when 2305 is divided by 36.
1
What is the remainder when 1347 is divided by 223?
9
What is the remainder when 423 is divided by 72?
63
Calculate the remainder when 229 is divided by 44.
9
What is the remainder when 502 is divided by 63?
61
What is the remainder when 259 is divided by 86?
1
Calculate the remainder when 387 is divided by 82.
59
What is the remainder when 733 is divided by 16?
13
What is the remainder when 1951 is divided by 63?
61
Calculate the remainder when 288 is divided by 232.
56
Calculate the remainder when 1790 is divided by 302.
280
What is the remainder when 92 is divided by 10?
2
Calculate the remainder when 509 is divided by 85.
84
Calculate the remainder when 1202 is divided by 9.
5
What is the remainder when 171 is divided by 26?
15
What is the remainder when 867 is divided by 15?
12
What is the remainder when 1047 is divided by 30?
27
Calculate the remainder when 3234 is divided by 81.
75
Calculate the remainder when 77 is divided by 22.
11
What is the remainder when 59 is divided by 6?
5
What is the remainder when 707 is divided by 171?
23
What is the remainder when 137 is divided by 35?
32
Calculate the remainder when 303 is divided by 303.
0
What is the remainder when 435 is divided by 39?
6
What is the remainder when 441 is divided by 113?
102
Calculate the remainder when 1250 is divided by 255.
230
Calculate the remainder when 210 is divided by 114.
96
Calculate the remainder when 34 is divided by 7.
6
What is the remainder when 1461 is divided by 6?
3
Calculate the remainder when 363 is divided by 360.
3
What is the remainder when 15928 is divided by 30?
28
Calculate the remainder when 3697 is divided by 13.
5
Calculate the remainder when 1961 is divided by 70.
1
Calculate the remainder when 963 is divided by 35.
18
What is the remainder when 88 is divided by 18?
16
Calculate the remainder when 1293 is divided by 35.
33
What is the remainder when 1105 is divided by 342?
79
What is the remainder when 54 is divided by 7?
5
Calculate the remainder when 448 is divided by 75.
73
What is the remainder when 817 is divided by 264?
25
What is the remainder when 101 is divided by 63?
38
What is the remainder when 919 is divided by 455?
9
What is the remainder when 10035 is divided by 1115?
0
Calculate the remainder when 88 is divided by 34.
20
Calculate the remainder when 7172 is divided by 41.
38
Calculate the remainder when 1238 is divided by 177.
176
Calculate the remainder when 245 is divided by 201.
44
Calculate the remainder when 211 is divided by 33.
13
Calculate the remainder when 378 is divided by 19.
17
Calculate the remainder when 115 is divided by 36.
7
Calculate the remainder when 51 is divided by 16.
3
What is the remainder when 26 is divided by 17?
9
Calculate the remainder when 237 is divided by 17.
16
What is the remainder when 9005 is divided by 237?
236
What is the remainder when 22 is divided by 17?
5
Calculate the remainder when 7257 is divided by 22.
19
What is the remainder when 93 is divided by 70?
23
What is the remainder when 1021 is divided by 11?
9
What is the remainder when 1271 is divided by 58?
53
Calculate the remainder when 225 is divided by 126.
99
What is the remainder when 276 is divided by 57?
48
Calculate the remainder when 757 is divided by 176.
53
Calculate the remainder when 314 is divided by 54.
44
What is the remainder when 117 is divided by 38?
3
What is the remainder when 3079 is divided by 23?
20
What is the remainder when 79 is divided by 6?
1
Calculate the remainder when 647 is divided by 59.
57
What is the remainder when 4223 is divided by 128?
127
Calculate the remainder when 189 is divided by 68.
53
What is the remainder when 141 is divided by 129?
12
Calculate the remainder when 252 is divided by 223.
29
Calculate the remainder when 13970 is divided by 4654.
8
Calculate the remainder when 554 is divided by 18.
14
What is the remainder when 806 is divided by 27?
23
What is the remainder when 480 is divided by 121?
117
What is the remainder when 42 is divided by 24?
18
Calculate the remainder when 7989 is divided by 18.
15
What is the remainder when 8421 is divided by 24?
21
Calculate the remainder when 11184 is divided by 238.
236
Calculate the remainder when 150 is divided by 38.
36
Calculate the remainder when 2894 is divided by 88.
78
What is the remainder when 1507 is divided by 27?
22
Calculate the remainder when 230 is divided by 40.
30
Calculate the remainder when 6 is divided by 3.
0
What is the remainder when 116 is divided by 33?
17
Calculate the remainder when 1294 is divided by 214.
10
What is the remainder when 314 is divided by 15?
14
What is the remainder when 197 is divided by 62?
11
What is the remainder when 77 is divided by 47?
30
Calculate the remainder when 479 is divided by 73.
41
What is the remainder when 275 is divided by 88?
11
Calculate the remainder when 972 is divided by 93.
42
Calculate the remainder when 208 is divided by 7.
5
What is the remainder when 3668 is divided by 15?
8
Calculate the remainder when 185 is divided by 88.
9
Calculate the remainder when 435 is divided by 19.
17
Calculate the remainder when 1509 is divided by 189.
186
What is the remainder when 1292 is divided by 5?
2
What is the remainder when 1333 is divided by 665?
3
What is the remainder when 46 is divided by 17?
12
What is the remainder when 83 is divided by 20?
3
Calculate the remainder when 474 is divided by 14.
12
What is the remainder when 62 is divided by 31?
0
Calculate the remainder when 11541 is divided by 39.
36
What is the remainder when 14413 is divided by 212?
209
What is the remainder when 2033 is divided by 96?
17
What is the remainder when 41 is divided by 16?
9
What is the remainder when 181 is divided by 49?
34
Calculate the remainder when 1118 is divided by 33.
29
Calculate the remainder when 979 is divided by 141.
133
What is the remainder when 342 is divided by 15?
12
What is the remainder when 479 is divided by 37?
35
Calculate the remainder when 335 is divided by 86.
77
What is the remainder when 4272 is divided by 2135?
2
What is the remainder when 1997 is divided by 182?
177
What is the remainder when 56 is divided by 9?
2
What is the remainder when 602 is divided by 122?
114
Calculate the remainder when 1697 is divided by 74.
69
Calculate the remainder when 546 is divided by 195.
156
What is the remainder when 7652 is divided by 20?
12
What is the remainder when 3791 is divided by 225?
191
Calculate the remainder when 198 is divided by 69.
60
What is the remainder when 45 is divided by 19?
7
Calculate the remainder when 275 is divided by 28.
23
What is the remainder when 88 is divided by 18?
16
What is the remainder when 612 is divided by 4